test common divisor of 7800 and 89502075?
975
What is the highest common factor of 5466524 and 24038?
1414
What is the greatest common divisor of 116540352 and 576?
576
What is the greatest common factor of 10 and 294535070?
10
Calculate the greatest common divisor of 162424 and 4108.
316
What is the highest common factor of 531964030 and 40?
10
Calculate the greatest common divisor of 418579 and 20552.
7
Calculate the highest common factor of 79860 and 565.
5
What is the greatest common factor of 417948550 and 10?
10
What is the greatest common factor of 99 and 314795?
1
What is the greatest common factor of 21732713 and 6813?
757
What is the highest common factor of 950 and 3130630?
190
What is the highest common divisor of 36776 and 89646097?
4597
What is the greatest common divisor of 133781557 and 4654?
2327
What is the greatest common factor of 19215 and 4843705?
305
Calculate the greatest common divisor of 204 and 48624216.
204
Calculate the highest common factor of 149358 and 726.
66
Calculate the highest common factor of 2666 and 30087143.
1333
Calculate the highest common divisor of 105 and 8634630.
15
Calculate the highest common factor of 517 and 248204.
11
Calculate the highest common factor of 8314701 and 21.
3
Calculate the highest common divisor of 43040 and 1131145.
1345
Calculate the highest common factor of 16086592 and 5952.
64
Calculate the greatest common factor of 12 and 39903723.
3
What is the greatest common factor of 84 and 4168788?
12
What is the highest common factor of 17149990 and 208714?
3938
What is the highest common divisor of 12000418 and 17652?
2942
Calculate the highest common factor of 1316 and 16521064.
1316
Calculate the highest common divisor of 1491788 and 18476.
596
Calculate the highest common divisor of 368616 and 14856.
24
What is the highest common divisor of 1699704 and 645?
129
Calculate the highest common divisor of 1935 and 4135869.
387
Calculate the greatest common divisor of 5230 and 179153650.
5230
What is the greatest common divisor of 4432358 and 5138?
14
What is the highest common factor of 83296752 and 31?
31
Calculate the highest common divisor of 2480 and 1063455.
155
Calculate the highest common factor of 997 and 289496896.
997
What is the greatest common divisor of 62510 and 19418?
266
Calculate the highest common factor of 33720 and 524400.
120
What is the greatest common factor of 8846263 and 14?
1
What is the highest common divisor of 530598 and 772284?
2778
What is the highest common divisor of 580888 and 19734?
506
What is the greatest common factor of 14628 and 5567544?
636
What is the greatest common divisor of 72 and 15668256?
24
Calculate the highest common factor of 4409954 and 2.
2
What is the highest common factor of 1778304 and 198?
66
Calculate the greatest common divisor of 38646 and 72637.
19
Calculate the highest common factor of 9012173 and 1325.
53
Calculate the greatest common factor of 2840860 and 30932.
1628
What is the highest common divisor of 414352919 and 317?
317
Calculate the greatest common factor of 6565344 and 288.
96
What is the greatest common factor of 16 and 5228504?
8
Calculate the greatest common divisor of 3142794 and 12720.
318
Calculate the highest common factor of 102 and 829277.
17
Calculate the highest common divisor of 1160 and 2396386.
58
Calculate the highest common factor of 26 and 423242807.
13
Calculate the greatest common factor of 1412532 and 48.
12
What is the greatest common factor of 357811045 and 5?
5
Calculate the highest common divisor of 75401700 and 2310.
330
What is the highest common factor of 3038 and 162427258?
98
What is the greatest common factor of 1717216 and 20188?
412
Calculate the greatest common divisor of 770595 and 21301.
1253
What is the greatest common divisor of 143897665 and 3940?
985
Calculate the highest common factor of 13312 and 281768.
8
What is the greatest common divisor of 4340 and 157740710?
310
What is the highest common factor of 230 and 1753771850?
230
What is the greatest common divisor of 486406206 and 5447?
5447
Calculate the greatest common factor of 17978313 and 57.
57
Calculate the greatest common factor of 798 and 254828.
266
What is the highest common factor of 4352 and 8619476?
68
What is the greatest common factor of 1378 and 308463922?
1378
Calculate the highest common divisor of 83548989 and 2673.
243
What is the highest common factor of 2849457 and 117?
39
Calculate the greatest common factor of 13339242 and 308.
14
What is the greatest common factor of 3860 and 1011681875?
965
What is the greatest common factor of 117752732 and 115?
23
What is the highest common factor of 6 and 38410004?
2
Calculate the greatest common divisor of 270 and 11677800.
30
What is the greatest common factor of 311596 and 396?
4
Calculate the highest common divisor of 10175 and 2052205.
185
What is the greatest common factor of 22431768 and 12432?
888
Calculate the greatest common divisor of 588 and 13720032.
12
What is the highest common divisor of 8004024 and 1260?
252
What is the greatest common divisor of 1922928 and 225428?
2716
What is the greatest common factor of 438 and 1297794?
438
Calculate the highest common factor of 1232 and 3778544.
1232
What is the highest common factor of 4527703 and 46697?
953
What is the greatest common divisor of 68499 and 17847?
27
Calculate the greatest common factor of 4228 and 9288216.
28
What is the greatest common factor of 1663501 and 20825?
833
Calculate the highest common divisor of 15682 and 1744.
2
What is the greatest common divisor of 4308252 and 12324?
156
Calculate the greatest common factor of 3130 and 19158730.
3130
Calculate the highest common factor of 975393 and 75.
3
What is the highest common factor of 74956 and 39228?
28
What is the greatest common divisor of 3308370 and 1560?
390
What is the highest common factor of 5960 and 132782840?
5960
Calculate the highest common factor of 10682 and 32999750.
1526
What is the greatest common factor of 3925530 and 1225?
35
Calculate the greatest common divisor of 2407337335 and 190.
95
What is the greatest common divisor of 409274762 and 170?
34
Calculate the greatest common divisor of 32 and 282064.
16
Calculate the highest common factor of 285 and 2942745.
15
Calculate the highest common factor of 6 and 1718986.
2
What is the highest common divisor of 14553 and 60753?
231
Calculate the greatest common divisor of 1454385 and 2445.
15
What is the greatest common divisor of 402 and 185166?
6
What is the highest common divisor of 77127 and 125772?
141
What is the greatest common divisor of 22080 and 2538?
6
Calculate the highest common divisor of 12312 and 281048.
152
What is the highest common factor of 38690 and 71102?
146
What is the highest common factor of 72080 and 105405340?
1060
What is the highest common divisor of 12945792 and 384?
384
What is the greatest common factor of 4057246 and 324047?
4439
Calculate the greatest common divisor of 102 and 31362042.
102
Calculate the greatest common factor of 2328412613 and 46.
23
Calculate the greatest common divisor of 2360 and 31698340.
1180
Calculate the greatest common factor of 15064485 and 1305.
435
Calculate the highest common divisor of 430222 and 1322.
2
What is the greatest common divisor of 9647604 and 783?
261
Calculate the greatest common factor of 52103164 and 17.
17
What is the highest common factor of 37491 and 4953?
3
Calculate the highest common factor of 3358 and 23989.
23
What is the greatest common divisor of 25021282 and 21538?
1958
Calculate the greatest common factor of 74 and 1962773928.
74
What is the highest common divisor of 5462824 and 13571?
331
Calculate the greatest common divisor of 1919 and 106951627.
1919
Calculate the highest common factor of 236 and 450889328.
236
Calculate the greatest common divisor of 16 and 75399848.
8
Calculate the highest common factor of 1283931 and 22473.
99
What is the highest common factor of 33 and 18338001?
33
What is the highest common divisor of 4773 and 129989?
43
Calculate the highest common factor of 2136784 and 4784.
208
Calculate the greatest common divisor of 23398073 and 191.
191
What is the highest common factor of 164213609 and 57414?
9569
What is the greatest common divisor of 